-1
Let y(n) = -n**3 + 1727*n - 1 + n**2 + 3 + 2 + 7*n**2 - 1719*n. Determine y(9).
-5
Let m(w) = 18*w**2 + w. Suppose 0 = 5*l + 4*u - 14, 3*l = -0*u - u + 14. Let v(f) = 19*f**2 + f. Let a(q) = l*m(q) - 5*v(q). Determine a(-1).
12
Suppose -76*h + 41*h + 210 = 0. Let k(x) = 5*x - 15. Give k(h).
15
Let r(c) = -c**2 - 16*c - 15. Let m(p) = 10*p - 75. Let x be m(6). Determine r(x).
0
Let l(y) = -y**3 + 8*y**2 - y. Suppose 7*d - 10*d = -18. Let z be -2*(-8)/12*d. What is l(z)?
-8
Let f(u) = -u**2 + 2*u. Let w be (-14)/(-2) + -5 - (0 + 1). Let c be -1 + 1 + (-2 - -2). Suppose w + c = b. Calculate f(b).
1
Let z = -5 - -3. Let l(s) = 4*s + 3. Let j be l(z). Let k(w) be the third derivative of w**4/12 + w**3/6 - w**2 + 382*w. Determine k(j).
-9
Let p be 2/(-3) + (-498)/9. Let z be (-87)/(-21) + -2*(-4)/p. Let d(o) = o**3 - 5*o**2 + 3*o + 2. What is d(z)?
-2
Let f(o) = -5*o**3 + o**2 + 7*o + 11. Let i(k) = -4*k**3 + 7*k + 12. Let z(u) = 3*f(u) - 4*i(u). Let h be z(-4). Let n(v) = -2*v. What is n(h)?
6
Suppose -2*p = 5*w + 6 - 1, -5*p - 26 = -w. Let o(n) = n + 4. Calculate o(p).
-1
Let r = -432 + 435. Let d(m) be the third derivative of 1/24*m**4 + 0 + 9*m**2 + 0*m + 3/2*m**r. Determine d(-7).
2
Let p(g) = 5*g**2 - 3*g + 3. Let s be (-9)/(63/28) - -6. What is p(s)?
17
Let o(v) = -250 - 241 + v**2 + 498 + 8*v. Suppose 2*f + 2*f + 28 = 0. What is o(f)?
0
Suppose 3*u + 2*u + 50 = -2*n, -4*u - 40 = n. Let t be 2/(-3)*(u - 2). Let x(l) = 1 - 8*l - t + 7*l. Determine x(-6).
-1
Suppose -166*f + 184*f = -126. Let c(d) = d + 6. Give c(f).
-1
Let n(c) = -5*c + 0*c + c + 4*c**2 - 5*c**2 - 3. Let v = -1 + -4. Give n(v).
-8
Let w(h) = -h + 5. Let o = 46 - 86. Let t = 46 + o. Determine w(t).
-1
Let b = 1 - 2. Let a(u) be the third derivative of 3*u**6/40 + u**5/30 - u**3/6 - 4*u**2. Give a(b).
-8
Let h(g) be the second derivative of -g**4/4 + g**3/2 + 3*g**2/2 + 337*g. Calculate h(3).
-15
Let k = -2 + 2. Let l(u) = u - 18. Let v be l(18). Let h(p) = -2 + p - 8*p + v*p + 6*p. Give h(k).
-2
Let h(k) be the second derivative of -3*k**5/5 - k**4/6 + k**2/2 - 2*k - 432. Let t = 2 - 1. Give h(t).
-13
Let z(c) = -15*c + 27 + 32*c - 16*c. Determine z(-12).
15
Let v(t) be the second derivative of -t**4/12 + 5*t**3/6 - 5*t**2/2 + 188*t. Calculate v(6).
-11
Let i(l) = -2*l**3 - 37563 + 3*l**3 + 37560 + 7*l**2. Let b be -7 - (1 + -1 - 0). Determine i(b).
-3
Let z(b) = 10*b. Let g(a) = -5*a - 17. Let w be g(-5). Suppose 3 = 5*i - w*i. Determine z(i).
-10
Let i = -58 + 60. Suppose -2*w + 4*g - 2 - i = 0, -4*g + 16 = 4*w. Let q(v) = v**2 - 5*v + 3. Give q(w).
-3
Let z(o) be the first derivative of o**2 + 2*o + 8 - 2*o**2 + 5*o - 5*o. Give z(-3).
8
Let g(l) = l**3 - 6*l**2 + 5*l + 17. Let b be g(4). Let d(k) be the first derivative of -k**3/3 + 7*k**2/2 + 2*k - 3. Determine d(b).
12
Suppose t = 5*t - v + 2, v + 7 = -5*t. Let a be (6 - -2) + (-3)/t. Let g = 7 - a. Let m(s) = -s**2 - 5*s - 5. What is m(g)?
-1
Let h(b) = b - 5. Suppose -4*w = -2*s - 56, 33 + 24 = 5*w + 4*s. Suppose 2*c = 5 + w. Let t = -3 + c. Determine h(t).
1
Let v(i) = 3*i**2 + i. Let o(u) = 3*u**2 + 2*u + 1. Let c(b) = 3*o(b) - 2*v(b). Let k(m) = 4*m**2 + 4*m + 2. Let d(x) = -5*c(x) + 4*k(x). Give d(6).
5
Suppose 0 = 3*y - j - 61, 3*y = -j - 3*j + 56. Suppose y = -2*c + 4*p, p - 14 = -3*c - 4*p. Let u(q) = q**3 + 4*q**2 + 4*q + 3. Calculate u(c).
3
Let x(y) be the first derivative of -y**4/4 - y**3 + y**2 + 9*y - 164. Calculate x(-4).
17
Let x = 102 + -144. Let q = -36 - x. Let w(r) be the first derivative of -r**4/4 + 7*r**3/3 - 3*r**2/2 - 6*r - 1. What is w(q)?
12
Let z(k) be the third derivative of k**5/60 - k**4/3 + 11*k**3/6 - k**2 + 25*k. Determine z(8).
11
Suppose -4*q + 20 = -4*f, -5*q + 8*f - 5*f + 19 = 0. Let u(k) = k + 4 + 0 + 3*k**q - 3. What is u(-2)?
11
Let q(d) be the second derivative of -d**6/360 - d**5/60 - d**4/24 + 13*d**3/3 + 23*d. Let u(p) be the second derivative of q(p). What is u(-5)?
-16
Let d(v) = 182*v - 6 - 183*v + 4. What is d(10)?
-12
Let r(f) = f**2 - 4*f - 3. Suppose -3*x + 36 = 5*u - 39, 0 = 5*x - 2*u - 94. Let y be ((-14)/8)/(5/x). Let b = -3 - y. Calculate r(b).
-3
Let a(c) = c**3 + 9*c**2 + 7*c - 6. Let z(t) = -22*t**2 - 2*t + 2. Let m be z(1). Let w = 14 + m. Determine a(w).
2
Suppose 0*r + 14 = -14*r. Let k(v) = v**2 - 3*v - 1. Give k(r).
3
Let v = -273 - -279. Let f(q) = -q**2 + 3*q + 6. Calculate f(v).
-12
Suppose -2*k + 0*f - 5*f - 22 = 0, -f = k + 5. Let x(m) = -16*m - 2. Determine x(k).
14
Suppose -5*h - 45 = 5*d, -2*h = 5*d - 4*h + 31. Let m(n) be the first derivative of n**2/2 + 10*n + 2. Let r be m(d). Let y(f) = -f**2 + 2*f + 1. What is y(r)?
-2
Let o be (-14)/(-4)*(-8)/(-14). Suppose -10 = -2*n + o*u + 4, u + 23 = 5*n. Let a(w) = -w + 1 - w - w. Give a(n).
-11
Let d(b) = -b**3 - 3*b + 28. Let i be d(3). Let k(c) be the third derivative of c**4/12 + 4*c**3/3 + 2*c**2. Determine k(i).
-8
Suppose 0 = -3*d - 0*d - 15. Let r(j) be the first derivative of j**4/4 + 5*j**3/3 - j**2/2 - 4*j - 2448. Calculate r(d).
1
Suppose 0 = -c + 2*c + 4. Suppose g = 0, -2*r + r - 4*g = -5. Let v(o) = -5*o - r + o + 2 - 2*o - o**2. Determine v(c).
5
Suppose 0 = -2*s - s + 5*c - 2, -2*c = 4*s + 20. Let r(a) = a**3 + 6*a**2 + 5*a - 4. Let g be r(s). Suppose -4 = 4*j - g*j. Let i(w) = -8*w**2. What is i(j)?
-8
Let x = 35 + -2. Let c be (-44)/x*3/(-2). Suppose -c*a = -2*m, a + 4*m = -2*a - 35. Let r(u) = u**3 + 6*u**2 + 4*u - 7. Determine r(a).
-2
Let k be (-1)/(9/27) - -3. Let h(o) = -3 - 3*o**2 - o**2 + o + 3*o**2 + o**3. Give h(k).
-3
Suppose 3*m + 0*x - 34 = -2*x, 25 = 5*m - 3*x. Suppose -11*u + 15*u = -m. Let r(q) = -6*q - 1. What is r(u)?
11
Suppose -40 = 5*q + 2*o - 2, 4*o + 46 = -5*q. Let y(l) = -1 + 29*l + 7*l**2 - 22*l + l**3 - 1. What is y(q)?
-8
Let d(t) = -2*t**2 + 5*t + 5. Let y be (3/(-5))/(33/(-22))*-5. What is d(y)?
-13
Let w(m) be the second derivative of 5*m**3/2 - 2*m. Suppose 785 = -32*y + 366 + 387. Give w(y).
-15
Suppose r + f - 20 = -3*f, 4*f - 12 = r. Let g(q) = 5*q - 15. Determine g(r).
5
Let o(d) be the first derivative of -d**4/4 - 8*d**3/3 - 5*d**2 - 17*d + 239. What is o(-7)?
4
Let y(r) = -5*r - 3. Let h be y(15). Let n = h + 77. Let i(b) = -61*b**2 + 21*b - 6. Let z(l) = -12*l**2 + 4*l - 1. Let m(j) = 2*i(j) - 11*z(j). Give m(n).
11
Suppose 3 = i + 1. Let o(a) = -6*a**i + 3210*a - 3210*a + 1. Determine o(-1).
-5
Let p(z) = -6*z - 3. Let k be 28/(-7) - -2 - -5. Calculate p(k).
-21
Let o(z) = z**3 + 8*z**2 + z - 10. Let f be o(-7). Let m = f + -40. Let u(h) = h + 4. Calculate u(m).
-4
Let f(o) = o - 1. Suppose -18*r = -28*r - 80. Let v be ((-20)/r)/((-5)/10). What is f(v)?
-6
Let c(s) = -3*s + 2*s + 4 + 3 - 9. What is c(-11)?
9
Let y(k) = -2*k**2 + 5*k + 2. Let v be y(0). Let s(r) = r - 1. Let f(a) = -2. Let h(w) = -f(w) + s(w). Calculate h(v).
3
Let h = 357 + -360. Let g(z) = z + 4. What is g(h)?
1
Let l = 2225 + -2228. Let a(x) = 2*x**2 + x + 2. Calculate a(l).
17
Let p = -14 + 8. Let d(g) be the second derivative of -7/2*g**2 - 8*g + 0 - 5/6*g**3 - 1/12*g**4. What is d(p)?
-13
Let a(u) = -13*u**2 - 17 - 15*u**3 - 15*u**3 + 28*u**3 + 15*u + u**3 - 2*u**2. Determine a(-16).
-1
Let s(p) be the second derivative of -p**4/12 + 4*p**3/3 - p**2/2 + 174*p. Give s(4).
15
Let b(s) = 9 + 18*s - 2*s - 9*s - 4*s. Determine b(-8).
-15
Let g(l) = -l**2 - 8*l + 8. Let h(z) = 2*z**2 + 17*z - 17. Let x(m) = 13*g(m) + 6*h(m). Calculate x(4).
-22
Suppose -8*v + 38 = 6. Suppose v*t = 31 - 7. Let h(d) = 3*d - 4. Give h(t).
14
Let y(q) = -6*q + 3*q - 2 + 0*q + 8*q. Let n(a) = 11*a - 2. Let z(b) = 23*b - 5. Let o(w) = -5*n(w) + 3*z(w). Let s(t) = 4*o(t) - 11*y(t). Calculate s(5).
7
Suppose -2*u + 6 = 10. Suppose -3*v = -5*p + 3 + 14, 2*v - 3*p + 10 = 0. Let l(b) = -1 - v - b + 4. Give l(u).
4
Let x(i) = -14 + 5*i - 15 + 3*i**2 - 8 + 40. Suppose 0 = 2*j - 0*j + 4. Let v = -5 - j. Give x(v).
15
Suppose 0 = 2*z + y - 5, 0 = 2*y + 6 - 4. Let j be z + (-5 - (-8)/(-4)). Let u(b) = -3*b - 6. Calculate u(j).
6
Let v(g) = 16*g + 4. Let y(b) = -3*b - 1. Let w(t) = 3*v(t) + 15*y(t). Let z = 7 + -4. Determine w(z).
6
Let j(c) be the first derivative of c**4/12 - 5*c**3/3 + 9*c**2/2 - 2*c - 5. Let q(p) be the first derivative of j(p). Give q(9).
0
Suppose -3*w = -7 + 1. Let u(z) = -1 + 2*z**3 -